 (-83)/(-4) + 1/i a multiple of 16?
False
Let h = -29 - -17. Let z(w) = w**3 + 12*w**2 - 2*w - 15. Does 9 divide z(h)?
True
Let t(m) = -m**2 + 10*m - 7. Let a be t(9). Suppose a*x - 12 = 10. Is 11 a factor of x?
True
Let b(g) = 2*g**3 - 10*g**2 + 5*g + 5. Let r(m) = -3*m**3 + 19*m**2 - 9*m - 11. Let y(v) = 5*b(v) + 3*r(v). Is 6 a factor of y(-7)?
True
Suppose -3*b + 16 = -0*m + m, -m + 10 = -3*b. Let y = m - -7. Is 9 a factor of y?
False
Suppose -35 = 5*l - 5*r, -5*l - 4*r - 10 = 7. Does 9 divide (-3 - l)*2*5?
False
Let v(k) be the second derivative of -13*k**3/6 - k**2/2 + 3*k. Let h be v(-1). Is 7 a factor of (28/h)/(1/3)?
True
Suppose 4*w - 802 = 2*a, -2*w + 582 = w + 5*a. Does 12 divide w?
False
Is 23 a factor of (368/28)/((-2)/(-7))?
True
Is 15 a factor of (-615)/(-21) + 12/(-42)?
False
Is (62/60 + 7/42)*60 a multiple of 5?
False
Let k = -83 - -373. Is 10 a factor of k?
True
Let a(p) = -p**2 + 6*p - 3. Let i be a(5). Suppose -5*s = 3*r - 36, -2*r + s + 13 = i. Does 6 divide r?
False
Let o(h) = h + 4. Is 4 a factor of o(12)?
True
Suppose 0 = 4*l - 2*l + v - 627, -5*l + 1568 = 3*v. Does 44 divide l?
False
Let c = 50 + -94. Let x = 104 + c. Is 20 a factor of x?
True
Let r = 52 + -39. Is 5 a factor of r?
False
Let u(l) = 36*l. Let r = 5 + -7. Let m be 0 + (r - 0 - -3). Does 18 divide u(m)?
True
Suppose d - 3*d = 0. Suppose -u - 3*r + 23 = d, -2*r - 15 = -2*u + 7. Is 9 a factor of u?
False
Let x be (0 + 2)*(-21)/(-14). Let j(u) = 3*u**2 - 2*u + 3. Let r be j(x). Does 16 divide (r - 1)*(0 - -1)?
False
Let p(x) = -x**3 - 4*x**2 - 2*x + 2. Let b be p(-3). Does 8 divide -4*(14/(-4) - b)?
False
Suppose 0*n - 8 = -4*n. Is (n/5)/((-13)/(-1040)) a multiple of 8?
True
Let r = -4 - -9. Let b(s) = 0*s - 7*s + s**3 - 3*s - 5*s**2 - 2 + 11*s. Is b(r) even?
False
Let x be 34/6 - (-4)/(-6). Let q = 171 + -10. Suppose x*d + 11 = q. Is 11 a factor of d?
False
Suppose 0*d + 4*d - 288 = 0. Suppose 3*l + 5*u - d = -0*l, l - u = 16. Is 6 a factor of l?
False
Suppose 0 = -2*n + l + 11 + 47, -5*n + 5*l + 150 = 0. Is n a multiple of 21?
False
Suppose 2*j - 184 = -2*j + 4*x, 4*j = 3*x + 183. Is 16 a factor of j?
False
Suppose 0 = -4*z + 3*o + 155, 5*z + 5*o - 74 = 76. Is 5 a factor of z?
True
Is (-196)/(-16) + 2/(-8) a multiple of 6?
True
Suppose -5*c + 0*c = -100. Let i = -6 + 12. Let r = c - i. Does 6 divide r?
False
Let w = -107 + 123. Does 5 divide w?
False
Let s = 0 - -5. Suppose -3*t + s*t = 10. Is t a multiple of 3?
False
Suppose 5*p = 2*b - 12 - 22, b + p - 17 = 0. Is 4 a factor of b?
False
Suppose 2*z + 5 = 3*z. Suppose z*y - 102 = 4*r, -r = 3*y - 25 - 43. Suppose 2*k + 5*o - 3 = 0, 8*o - y = -3*k + 4*o. Does 14 divide k?
True
Suppose d - 2 = -4. Is d/(52/(-48) + 1) a multiple of 8?
True
Suppose 4*p + 30 + 50 = 3*l, -4*p - 96 = l. Let n = -3 - -38. Let z = n + p. Is 12 a factor of z?
True
Let y(s) = s**2 + 10*s + 4. Let j be -3 + (3 + -31)/4. Is y(j) a multiple of 4?
True
Suppose 3*m = -4*d + 96 - 37, 2*d = 5*m - 107. Is 6 a factor of m?
False
Does 19 divide (-1)/(3/(-321)) + 2?
False
Let q(a) = -a**2 - a + 7. Let h be q(-5). Let b(f) = f**3 + 14*f**2 + 13*f + 18. Is 13 a factor of b(h)?
False
Let t be -2 + 3 + 16 - 2. Let q be (-4)/6 - (-130)/t. Let d(n) = -n**2 + 10*n + 4. Does 20 divide d(q)?
True
Let x(v) = -v**3 + 6*v**2 - 3*v - 5. Let k be x(5). Suppose n + 70 = -4*z, k*z + 91 - 8 = n. Let b = 39 + z. Does 11 divide b?
True
Let b(d) = -d**3 + 3*d**2 - d + 2. Let v be b(3). Is 2 a factor of 6 - (0 - 1)*v?
False
Let m = 17 - 6. Is m a multiple of 2?
False
Suppose -2*r + 612 = 7*r. Is r a multiple of 4?
True
Let h = -26 + 161. Is 7 a factor of h?
False
Let g(z) be the third derivative of z**5/60 + z**4/3 - z**3/3 + 2*z**2. Is 18 a factor of g(-10)?
True
Let r(u) = -4*u**3 - 2*u**2 + 2. Let p(b) = b + 3. Let m be p(-2). Let h(q) = q**3 + q**2. Let t(d) = m*r(d) + 3*h(d). Does 14 divide t(-2)?
True
Let o(z) = 3*z**3 - 8*z**2 + 17*z + 4. Is 24 a factor of o(5)?
True
Let w = 190 - 172. Is 18 a factor of w?
True
Let u = -12 - -17. Suppose -u*c + 64 = -3*c. Is c a multiple of 13?
False
Let s(b) = -10*b**3 + 2*b**2 - 1. Let o be (-14)/10 + (-4)/(-10). Does 11 divide s(o)?
True
Let u(h) = 3*h + 1. Let a be u(5). Let t be a - 1/(2/2). Let p = 27 - t. Is p a multiple of 12?
True
Suppose -42 - 32 = -t. Suppose -a = -3*c - 33, -2*c = a - 3*a + t. Is a a multiple of 13?
True
Let n(a) = 28*a**2 + 2*a + 1. Let u = -10 - -9. Is n(u) a multiple of 9?
True
Suppose 53 - 333 = -7*l. Is l a multiple of 2?
True
Let x = 410 - 595. Is 1/2 - x/10 a multiple of 9?
False
Let m be -8*3*(-8)/(-6). Let x = m - -63. Does 15 divide x?
False
Let d(g) = -g**3 - 4*g**2 + 2*g + 8. Does 6 divide d(-5)?
False
Suppose 5*b + 2 = -4*w + 11, -4*w + 7 = 3*b. Suppose -m - 2*n + 1 = -w, -2*n - 10 = -5*m. Does 13 divide (-102)/1*m/(-6)?
False
Let r = 7 - 5. Suppose -y = -r*y + 47. Does 13 divide y?
False
Suppose 2*h + 3*c = -2*h - 108, 0 = 4*c. Let q = h - -41. Does 14 divide q?
True
Let c be (-5 - -31)/(0 - 1). Suppose 0 = -4*h - 48 + 8. Is 16 a factor of (c/(-5))/((-2)/h)?
False
Let w = 7 - 2. Does 10 divide 8 + w + -4 + 1?
True
Suppose 5*w + 2*n + 1 = -14, 3*n = 5*w + 15. Let g(k) = -2*k**3 - 4*k**2 + k + 2. Does 9 divide g(w)?
False
Let a be 6/(8/4 + -1). Suppose -c = w - a, 5*c - 31 = -w - 3*w. Is c even?
False
Suppose -2*f + f = -3. Suppose -f*b - 9 = -60. Is 7 a factor of b?
False
Let b = -14 - -24. Suppose 10 = -4*n - b. Let h(l) = l**2 + 3. Is 14 a factor of h(n)?
True
Suppose -2*z + 8 + 7 = h, -h - 6 = -5*z. Is 3 a factor of h?
True
Let i = 14 - -9. Is i a multiple of 21?
False
Suppose 0 = -3*b + 7 - 31. Let i be (b/6)/(1/(-6)). Let g = i - -1. Does 6 divide g?
False
Suppose 3*d = p + 102, 0 = -5*d - 2*p - 2*p + 170. Let z = 49 - d. Does 15 divide z?
True
Let l be -1 - (-1*94 - -3). Suppose -2*b = -0*b - l. Does 15 divide b?
True
Let z be (-3 - -3) + 30/1. Let c = -2 + z. Is 8 a factor of c?
False
Let q be -1*((-28)/2 - 3). Let v = q + -12. Suppose -v*k + 56 = -k. Is 14 a factor of k?
True
Suppose 5*v = 2*v. Suppose 3*c - 63 = -v*c. Is 14 a factor of c?
False
Let g(l) = l**2 + 8*l. Let z be g(-8). Let q be -8 + z/(-3 + 0). Let t(b) = -b**2 - 14*b + 2. Is t(q) a multiple of 14?
False
Let i(f) = -f + 1. Let o be i(3). Is 2 a factor of ((16/o)/2)/(-2)?
True
Suppose -5 = k - 107. Suppose 0 = -2*c + 3*d + k, -5*c - 5*d + 209 = -d. Is 15 a factor of c?
True
Let v(b) = -b**2 - 7*b + 11. Let k be v(-8). Suppose -5*c + 51 = k*m, -c + 15 = 2*m - 4*c. Is 4 a factor of m?
True
Suppose 0 = -0*g - 2*g. Let r be 1 + -1 + g + 11. Does 5 divide 1/3*r*3?
False
Let d = 2 + -2. Let c be 0 + 1 - (-5 + d). Suppose -2*j + 4 = -2*o, -2*j = 3*o - c - 3. Does 3 divide j?
True
Let w(j) = 2*j**2 + 5*j - 8 - j**2 - 3*j + 0*j. Let z be (-4)/(-6) - (-20)/(-3). Does 8 divide w(z)?
True
Let a be 12/(-42) + (-131)/7. Let i = 44 + a. Is 5 a factor of i?
True
Suppose 4*s - 349 = -25. Suppose c + 2*c = s. Is 27 a factor of c?
True
Let r(d) = -d**3 + d + 1. Let t(v) = -v - 3. Let z be t(-2). Let b(h) = h**3 - h**2 - h. Let l(a) = z*r(a) + b(a). Is l(2) a multiple of 6?
False
Suppose -3*q = 3*z + 51, 4*q = -z + 2*z - 53. Let r = q + 17. Is 2 a factor of r?
False
Let f(q) = -q**2 + 5*q - 5. Let t be f(4). Let r = t - -18. Is r a multiple of 7?
False
Suppose o - 1 - 8 = g, -o - 11 = 3*g. Suppose o*s = -v + 44, 0 = s + 2*s - 3*v - 48. Suppose -5*j + 4*l = -s - 13, 3*j = -l + 15. Is j even?
False
Let s(j) = -j**3 - 3*j**2 + 4*j. Suppose 8 = -4*p - 4*g, -2*p + 4*g - 16 = -0*p. Let r be s(p). Suppose -2*d - d + 36 = r. Does 6 divide d?
True
Let p = 16 + -7. Let s(j) = 3 + j + 0*j + p. Does 7 divide s(0)?
False
Suppose 4*j - 5*u = 7, -3*j + 2*u + 12 = 5*u. Suppose j*s = 2*s - 2*m + 83, 408 = 5*s + 3*m. Suppose 83 = 4*b - s. Is 14 a factor of b?
False
Let j = 181 - 160. Is j a multiple of 7?
True
Let a be (1/2)/((-2)/68). Suppose -2*b + 7*b + 310 = 0. Let s = a - b. Is s a multiple of 15?
True
Let c be 0/(-2) - (32 - 16). Let r be (-110)/4 + (-2)/(-4). Let d = c - r. Does 11 divide d?
True
Suppose -5*z = 2*m + 9, -6*m + 21 = -4*m - 5*z. Suppose m*r - 7*r = -376. Suppose 2*x = -4*q + 4*x + r, -x = q - 31. Does 14 divide q?
False
Let o(t) be the first derivative of -t**4/4 - t**3/3 - t**2 - 2*t - 1. Let r be o(-2). Suppose 0 = b - r*b